*r**2 + 3*r - 2. Let g be y(-3). What is b(g)?
6
Let m be 4*((-5)/(-2) - 2). Let o = 7 - m. Let f(t) = -2*t - o - 5*t + 6*t. Calculate f(0).
-5
Let u be -1 + (10 - 9/3). Let r(s) = -12*s - 1. Let f(y) = 35*y + 3. Let n(m) = u*f(m) + 17*r(m). What is n(1)?
7
Let p(c) be the second derivative of c**3/6 - 3*c**2/2 - c. Let g be -1*(-1 - (1 - 2)). Suppose g = 6*l - 4*l. Determine p(l).
-3
Let r(a) be the second derivative of -a**6/360 + a**5/24 - 7*a**4/12 + 6*a. Let y(l) be the third derivative of r(l). Calculate y(4).
-3
Let r(s) be the first derivative of s**2/2 + 2*s + 20. Let x(p) = -p**2 - 4*p + 2. Let c be x(-4). Let f be 18/4 + 1/c. Determine r(f).
7
Let m(q) = 2*q**3 - 9*q - q**2 + 7 - q**3 - 3*q**2 + 5*q. Calculate m(5).
12
Let i(n) = -1 + 1 - 4*n + 1. Suppose g = 2*m - 1, m = -5*g - 0*m + 6. Calculate i(g).
-3
Let j(o) = 2*o**2 - 9*o + 9. Let k(l) = -l**2 + l - 1. Let q(n) = j(n) + 3*k(n). Determine q(-5).
11
Let c(r) be the third derivative of -r**5/60 - 5*r**4/24 - r**3/3 - 8*r**2. Let z = -10 - -7. Give c(z).
4
Suppose 7 + 5 = 2*l + 2*m, 2*l + 3*m = 17. Let f(g) = -3*g**3 - g**2 + 2*g - 1. What is f(l)?
-3
Let n(q) = -q**2 - 5. Let g(j) = -j**3 - 3*j**2 + j + 3. Let u be g(-3). Let k be n(u). Let m(d) = d**2 + 5*d - 4. Determine m(k).
-4
Let d(l) = -13 - 5 - 5*l - 2 + 19. Let b = -2 - -1. Give d(b).
4
Let z(o) = 2*o - 5. Let k(v) = 7*v**2 + v. Let p be k(-1). Determine z(p).
7
Let z(h) = -h**2 - 3*h + 10. Let o be z(-5). Let s(c) be the second derivative of 5/6*c**3 - 1/2*c**2 + o + c. What is s(1)?
4
Suppose 4*o - v - 11 = -37, -2*v = 3*o + 14. Let x be o/(0/(-1) + -1). Let z = x + -1. Let h(l) = l**2 - 6*l + 5. Calculate h(z).
0
Let o = -4 + 7. Let s = -3 + o. Let t(r) = -r**3 - r**2 - r + 1. Let f(b) = 3*b**3 + 3*b**2 + 2*b - 3. Let p(k) = 2*f(k) + 5*t(k). Calculate p(s).
-1
Let r(g) = g**2 - 3*g - 6. Let c(a) = 2*a - 4. Let i be c(3). Let f be 6 + i*1/(-2). Give r(f).
4
Let g(u) be the second derivative of 1/12*u**4 + 0 - 2/3*u**3 + 2*u - 1/2*u**2. Let m be 0 + 2 + (-1 - -1). Determine g(m).
-5
Let l(y) be the third derivative of -y**4/8 - y**3/6 + y**2. Suppose -4*n = -3 - 1. Give l(n).
-4
Let t(x) be the first derivative of x**2 - x + 9. Give t(6).
11
Let g = -3 - -7. Let z(p) = -5 + 2*p**2 + 2*p + p**2 + g*p - 4*p**2. Let t(k) = -k**2 - 5*k. Let v be t(-4). Give z(v).
3
Let l(z) be the second derivative of -z**4/12 + 4*z**3/3 - 5*z**2/2 + 2*z. Let i(x) be the first derivative of l(x). Calculate i(6).
-4
Let z(f) be the third derivative of f**7/2520 + f**5/60 + f**4/12 - 4*f**2. Let w(k) be the second derivative of z(k). Determine w(0).
2
Let w(n) be the second derivative of 0 + n + 1/2*n**2 + 1/6*n**3. What is w(1)?
2
Let n(g) = 16*g + 28. Let d(u) = 4*u + 7. Let f(a) = -9*d(a) + 2*n(a). Determine f(-5).
13
Let d(b) = 2*b**2 - 1. Let i be 0 + -7 + -1 - -2. Let m be 4/i - 2/6. Determine d(m).
1
Let w = 8 + -8. Let u = -1 - w. Let i(r) = -5*r**2 - r. Determine i(u).
-4
Let g(h) = -3*h**3 - 2*h**2 - 2. Let f be g(-2). Let v be 4/8 - f/(-4). Let k(r) = 2*r + 0*r + 0*r - v + r. Calculate k(5).
11
Let z(w) = -5*w**2. Let v(u) = -6*u**3 + u**2 - u + 1. Let f be v(1). Let o(s) = s + 6. Let p be o(f). Determine z(p).
-5
Suppose -b - 4 = -0*b. Let l(i) be the third derivative of -5*i**2 - 5/24*i**4 + 0 + 1/120*i**6 + 1/20*i**5 - i**3 + 0*i. What is l(b)?
-2
Suppose 8*u - 4*u = 0. Let l(o) = o - 5. Give l(u).
-5
Let j(s) = -s**2 - 7*s - 3. Let m = -34 - -31. What is j(m)?
9
Let p(t) be the first derivative of t**3/3 - 5*t**2/2 - 3*t - 5. Let i(z) be the first derivative of p(z). Determine i(5).
5
Let w(m) = -m**2 - 3*m + 5. Let q(l) = -3*l**3. Let o be q(1). Let x = -1 + o. What is w(x)?
1
Let i(p) = -3*p - p**2 + 2*p**2 + p - 4 - p. Determine i(4).
0
Let l(y) = 7*y**2 + 6*y - 9. Let i(m) = 15*m**2 + 13*m - 19. Let b(o) = 6*i(o) - 13*l(o). Give b(3).
-6
Let m(r) = -8*r**2 + 33*r + 24. Let j(w) = -3*w**2 + 11*w + 8. Let h(q) = -11*j(q) + 4*m(q). What is h(-11)?
8
Let y(j) = 2*j + 16 - j - 39 + 19. Determine y(5).
1
Let t(y) = 2*y**3 + y**2 + 2*y - 1. Let j(a) = -a**3 + a**2 - 1. Let l(c) = -j(c) - t(c). Determine l(-3).
17
Suppose -3*z = 4*b - 7, -3 = 4*b + 2*z - 9. Let h(c) = -1 + 3*c**2 + 0*c**2 + 4*c**2. What is h(b)?
6
Let y(l) be the third derivative of -l**7/840 - 7*l**6/360 - 7*l**5/120 + l**4/8 + 5*l**3/6 + 5*l**2. Let d(a) be the first derivative of y(a). Calculate d(-6).
9
Let g(h) = h + 3. Let z(n) = n**3 - 2*n**2 + n - 2. Let j be z(2). Let p be g(j). Let a(v) = v**3 - 4*v**2 + 3*v - 3. What is a(p)?
-3
Let m(x) = 3*x**3 + 4*x**2 + 7. Let j(b) = 4*b**3 + 4*b**2 + b + 8. Let d(s) = 2*j(s) - 3*m(s). What is d(-5)?
10
Let o(w) = -w**3 + 2*w**2 - w - 1. Let g be o(2). Let x be (g - (-3 + 0))/(-1). Let j(c) = -c**2 + c - 7. Give j(x).
-7
Let g(d) = d**2 + d + 1. Let a be g(-2). Let q(j) = 0*j + a*j - 4*j. Suppose -12 + 0 = -4*s. What is q(s)?
-3
Let c be (-1 - -2)/(0 + 1). Let g be ((-12)/(-14))/(c/(-7)). Let j(m) = 0 + m - 2*m - 3. What is j(g)?
3
Let m = 10 + -14. Let v(c) = -3*c - 10. Let h be v(m). Let w(y) = -y**2 + 3*y - 1. Give w(h).
1
Let i = 11/10 - 3/5. Let z(y) be the third derivative of 0 + i*y**3 + 0*y + 1/8*y**4 - 2*y**2. What is z(-4)?
-9
Suppose 5*a - 7 = 3, 2*h + 2*a = 8. Let c(x) = 4*x**h - 5*x - 6 - 3*x**2 + 2 - 1. Let u(t) = 2*t**2 - 2. Let m be u(-2). What is c(m)?
1
Let r(g) be the first derivative of -g**6/360 - g**5/15 - g**4/8 + 4*g**3/3 - 5. Let k(t) be the third derivative of r(t). Determine k(-5).
12
Let a(s) = -s - 1. Suppose 0 = 2*j - 2*v, 5*v = j + v. Suppose -b - b = j. Determine a(b).
-1
Let n(t) = -t**2 - t + 2. Let l(k) = -k**3 - 7*k**2 + 3. Let s be l(-7). Suppose -w + 1 + s = 0. What is n(w)?
-18
Let z(m) = -14*m**3 - 29*m**2 + 3*m - 32. Let p(t) = -5*t**3 - 10*t**2 + t - 11. Let r(n) = -17*p(n) + 6*z(n). Determine r(4).
-1
Let k(d) be the first derivative of -d**5/30 - 4*d**3/3 + 2. Let b(a) be the third derivative of k(a). Calculate b(-2).
8
Let c = -3 + 15. Suppose -2*u - u - c = 0. Let v(y) = y**3 + 6*y**2 + 6*y + 2. What is v(u)?
10
Suppose -d - 5*l = -22, -4*d - 3*l + 4 = 1. Let z(t) = t**2 + t - 2. What is z(d)?
4
Let r(l) be the first derivative of -l**3/3 - 5*l**2 - 7*l - 28. What is r(-6)?
17
Let w(j) = -j**3 + 7*j**2 + 6. Suppose 2*s - 2*d = 10, -3*s + 20 + 9 = 4*d. Give w(s).
6
Suppose 5*a - 85 = 5*r, 3*r + 0*r = -5*a + 77. Suppose 0*s + 4*s = -a. Let p(x) = -x + 1. What is p(s)?
5
Let g(f) = -3*f**2 + 9*f + 4. Let u(q) = q**2 - q. Let d(i) = -g(i) - 4*u(i). Let w be (-4)/(0 - (-1 - 0)). Calculate d(w).
0
Suppose -3*o + y - 21 = -8*o, 1 = -o + 5*y. Let f = 0 + o. Suppose f*t = -0*t + 8. Let w(p) = p + 2. Determine w(t).
4
Let a(r) = -r + 5. Let u(p) = p - 6. Let w(g) = 6*a(g) + 5*u(g). What is w(3)?
-3
Let w(a) = a**2. Let y = 11 - 9. Give w(y).
4
Let d(z) be the second derivative of z**3/3 + 3*z**2/2 - z. Suppose 2 = c - 4*f - 6, -f = -3*c + 46. Suppose c*o + 24 = 12*o. Give d(o).
-9
Let o(k) = k**3 - 5*k**2 - 7*k + 7. Suppose -4*v = w - 2, w - 14*v - 10 = -10*v. Give o(w).
1
Let p = -1 + 3. Let y(h) be the third derivative of -h**6/720 - h**4/6 - 4*h**2. Let q(w) be the second derivative of y(w). Give q(p).
-2
Let q(k) = k**2 - 5*k - 4. Suppose g + 5*z = -23, 2*z + 15 = 5*g - 5. Suppose -4*j - g = -3*j. Let c = j - -5. What is q(c)?
-10
Let v(u) = 13*u - 4. Let q(z) = -4*z + 1. Let s(l) = 7*q(l) + 2*v(l). Let x be 4*(-2)/(-4)*-2. Let y be (3/x)/((-1)/(-4)). Give s(y).
5
Let f(o) be the third derivative of o**6/120 + o**5/20 - o**4/6 - o**3/6 - o**2. Let m be f(-4). Let z(n) = -2*n**2 - 3 - 2*n + 2 - 6*n**2. Calculate z(m).
-7
Let a(r) = r + 17. Let u be a(-12). Suppose m - u*m = 20. Let d(p) = -p**2 - 4*p + 3. Calculate d(m).
-2
Let w be 56/10 + (-24)/40. Let z(m) = 0*m + 7*m - w*m - m + 1. Calculate z(-1).
0
Let z(k) = k**2 - k - 4. Let m be z(3). Let n(j) = -j + 3*j + 2*j - 5 + j**3 + 6*j**m. Calculate n(-5).
0
Let s(d) = -d**2 + 7*d + 12. Let w(c) = -c. Let t(p) = s(p) + 6*w(p). What is t(0)?
12
Let m(u) be the first derivative of -1/3*u**3 + 3 - 4*u + u**2. Determine m(3).
-7
Let r(c) = c - 3. Let p = 13 - 9. Let o be r(p). Let x(b) = 3*b + 1. Let u(t) = -2*t - 1. Let a(g) = 6*u(g) + 5*x(g). Calculate a(o).
2
Suppose 5*x = 3*d - 11, 2*d + 2*d + 4*x - 68 = 0. Let b be 4/d -